rime factors of 219007124.
2, 7, 17, 460099
List the prime factors of 33786387.
3, 53, 193, 367
What are the prime factors of 11720573?
31, 378083
List the prime factors of 41439283.
233, 293, 607
List the prime factors of 1247292832.
2, 38977901
List the prime factors of 24548917.
103, 238339
List the prime factors of 129695996.
2, 227, 142837
List the prime factors of 1044015005.
5, 11, 18982091
List the prime factors of 36418214.
2, 7, 2601301
List the prime factors of 591127870.
2, 5, 59112787
List the prime factors of 26953041.
3, 17, 528491
What are the prime factors of 70455565?
5, 17, 828889
What are the prime factors of 9784394?
2, 4892197
What are the prime factors of 23413860?
2, 3, 5, 97, 149
List the prime factors of 2666973545.
5, 29, 2251, 8171
List the prime factors of 456836680.
2, 5, 53, 229, 941
List the prime factors of 1199065875.
3, 5, 7, 293, 1559
List the prime factors of 52744568.
2, 887, 7433
List the prime factors of 3645236732.
2, 1367, 666649
List the prime factors of 1167178406.
2, 41, 14233883
List the prime factors of 531053478.
2, 3, 2381, 12391
What are the prime factors of 78825741?
3, 29, 906043
What are the prime factors of 1674928866?
2, 3, 13, 21473447
List the prime factors of 894730576.
2, 107, 522623
List the prime factors of 40037168.
2, 29, 86287
List the prime factors of 2329612799.
17, 23, 5958089
List the prime factors of 63243156.
2, 3, 41, 191, 673
What are the prime factors of 317957119?
1063, 299113
What are the prime factors of 1856327651?
47, 157, 197, 1277
List the prime factors of 67875719.
67875719
List the prime factors of 384211002.
2, 3, 7, 9147881
What are the prime factors of 156650483?
11, 47, 302999
What are the prime factors of 375835189?
375835189
What are the prime factors of 7065877313?
11, 241, 2665363
List the prime factors of 35091718.
2, 17545859
What are the prime factors of 1025924039?
7, 23, 29, 219731
List the prime factors of 123884024.
2, 11, 151, 9323
List the prime factors of 594760828.
2, 59, 2520173
List the prime factors of 968971633.
7, 19, 7285501
List the prime factors of 2675227701.
3, 13873, 64279
What are the prime factors of 23186520?
2, 3, 5, 7, 3067
What are the prime factors of 1419098966?
2, 31, 677, 33809
What are the prime factors of 180350966?
2, 90175483
What are the prime factors of 2899842708?
2, 3, 7, 1619, 21323
List the prime factors of 178551598.
2, 241, 370439
List the prime factors of 714830603.
17, 42048859
List the prime factors of 651097447.
7, 11, 13, 92921
What are the prime factors of 3704121474?
2, 3, 24439, 25261
What are the prime factors of 1670454305?
5, 13, 1976869
What are the prime factors of 2250382413?
3, 137, 353, 15511
What are the prime factors of 76844428?
2, 19211107
What are the prime factors of 328477015?
5, 677, 97039
What are the prime factors of 6136682777?
61, 100601357
What are the prime factors of 20583446?
2, 13, 29, 27299
What are the prime factors of 122754060?
2, 3, 5, 11, 13, 19, 251
List the prime factors of 56015420.
2, 5, 19, 147409
List the prime factors of 2205194112.
2, 3, 11, 19, 43, 71
What are the prime factors of 257120935?
5, 199, 258413
List the prime factors of 498248973.
3, 55360997
What are the prime factors of 5068773121?
97, 52255393
List the prime factors of 479063840.
2, 5, 2994149
List the prime factors of 232273262.
2, 13, 521, 1319
List the prime factors of 1299063962.
2, 7, 109, 191, 4457
What are the prime factors of 1459002662?
2, 13, 17, 31, 233, 457
List the prime factors of 1051956054.
2, 3, 58442003
List the prime factors of 2921067778.
2, 35851, 40739
What are the prime factors of 37390826?
2, 11, 457, 3719
What are the prime factors of 3750404240?
2, 5, 11, 131, 32533
List the prime factors of 724606915.
5, 11171, 12973
List the prime factors of 2400220780.
2, 5, 120011039
List the prime factors of 641781668.
2, 11, 167, 523
What are the prime factors of 608855217?
3, 202951739
What are the prime factors of 20180958?
2, 3, 7, 480499
What are the prime factors of 99565503?
3, 73, 454637
List the prime factors of 775343832.
2, 3, 67, 482179
What are the prime factors of 188011484?
2, 109, 431219
What are the prime factors of 542004331?
11, 49273121
What are the prime factors of 197965614?
2, 3, 7, 11, 37, 313
What are the prime factors of 46143534?
2, 3, 7690589
What are the prime factors of 57584531?
59, 976009
List the prime factors of 187531052.
2, 23, 29, 70289
List the prime factors of 623575602.
2, 3, 13, 31, 47, 59
What are the prime factors of 1022793139?
1447, 706837
List the prime factors of 1235056855.
5, 37, 757, 8819
List the prime factors of 52572425.
5, 2102897
List the prime factors of 272776816.
2, 13, 281, 359
What are the prime factors of 107385097?
107385097
What are the prime factors of 28299346?
2, 14149673
List the prime factors of 110102629.
7, 13, 1091, 1109
What are the prime factors of 8184979?
11, 73, 10193
What are the prime factors of 65927147?
11, 13, 349, 1321
What are the prime factors of 199894387?
7, 11, 37, 70163
List the prime factors of 4576746.
2, 3, 762791
List the prime factors of 1829297360.
2, 5, 11, 59, 3203
What are the prime factors of 2914554164?
2, 53, 563, 24419
List the prime factors of 19561941.
3, 7, 310507
What are the prime factors of 47864322?
2, 3, 11, 241739
List the prime factors of 94010443.
4261, 22063
List the prime factors of 14534962.
2, 13, 19, 29423
What are the prime factors of 121482127?
13, 9344779
List the prime factors of 167130555.
3, 5, 19, 41, 14303
What are the prime factors of 152441702?
2, 7, 37, 294289
What are the prime factors of 114322288?
2, 179, 223
List the prime factors of 1531921258.
2, 7, 109422947
What are the prime factors of 549019935?
3, 5, 12200443
What are the prime factors of 723948696?
2, 3, 139, 72337
List the prime factors of 37439013.
3, 12479671
List the prime factors of 204795179.
204795179
List the prime factors of 42656124.
2, 3, 7, 31, 16381
List the prime factors of 3320473335.
3, 5, 221364889
List the prime factors of 293516178.
2, 3, 761, 64283
What are the prime factors of 2799273561?
3, 7, 133298741
List the prime factors of 69178725.
3, 5, 7, 11
What are the prime factors of 379822942?
2, 17, 73, 199, 769
What are the prime factors of 2780564160?
2, 3, 5, 11, 73, 3607
List the prime factors of 1508748.
2, 3, 59, 2131
What are the prime factors of 406392282?
2, 3, 7525783
What are the prime factors of 128534529?
3, 593, 72251
What are the prime factors of 11920360?
2, 5, 59, 5051
List the prime factors of 118325482.
2, 11, 37, 61, 2383
What are the prime factors of 82975827?
3, 11, 17, 353, 419
List the prime factors of 62821713.
3, 199, 105229
List the prime factors of 280264655.
5, 11, 5095721
List the prime factors of 343239211.
7, 73, 671701
List the prime factors of 1285778334.
2, 3, 71, 313, 9643
List the prime factors of 86717042.
2, 4201, 10321
List the prime factors of 24195999.
3, 2251, 3583
What are the prime factors of 68311805?
5, 37, 369253
What are the prime factors of 658043042?
2, 431, 763391
List the prime factors of 232166006.
2, 31, 3744613
What are the prime factors of 4333612128?
2, 3, 257, 175649
List the prime factors of 113781948.
2, 3, 7, 1354547
What are the prime factors of 293941826?
2, 109, 1348357
What are the prime factors of 703792152?
2, 3, 7, 51719
List the prime factors of 511234480.
2, 5, 6390431
List the prime factors of 3382372.
2, 7, 17257
List the prime factors of 929672114.
2, 7, 66405151
What are the prime factors of 661332472?
2, 29, 2850571
What are the prime factors of 685309169?
685309169
What are the prime factors of 3471410022?
2, 3, 59, 163, 60161
What are the prime factors of 58710273?
3, 53, 369247
What are the prime factors of 3989652136?
2, 31, 2467, 6521
List the prime factors of 688916832.
2, 3, 727, 9871
List the prime factors of 2183509470.
2, 3, 5, 29, 43, 58367
What are the prime factors of 6574668062?
2, 257, 12791183
List the prime factors of 97342668.
2, 3, 109, 8269
List the prime factors of 125447274.
2, 3, 6969293
List the prime factors of 51412544.
2, 23, 53, 659
List the prime factors of 259964404.
2, 7, 1326349
What are the prime factors of 220569353?
1567, 140759
List the prime factors of 83965304.
2